Dec 03 13:31:58.224 INFO testing durs-wot-0.8.0-a0.9 against master#8940af3cea4a9a9deabcaf843b2f8cad9a83fc61 for beta-1.31-5
Dec 03 13:31:58.224 INFO running `"docker" "create" "-v" "/mnt/big/crater/work/local/target-dirs/beta-1.31-5/worker-5/master#8940af3cea4a9a9deabcaf843b2f8cad9a83fc61:/target:rw,Z" "-v" "/mnt/big/crater/work/local/test-source/worker-5/beta-1.31-5/master#8940af3cea4a9a9deabcaf843b2f8cad9a83fc61:/source:ro,Z" "-v" "/mnt/big/crater/work/local/cargo-home:/cargo-home:ro,Z" "-v" "/mnt/big/crater/work/local/rustup-home:/rustup-home:ro,Z" "-e" "USER_ID=1000" "-e" "SOURCE_DIR=/source" "-e" "USER_ID=1000" "-e" "CMD=cargo +8940af3cea4a9a9deabcaf843b2f8cad9a83fc61-alt build --frozen" "-e" "CARGO_TARGET_DIR=/target" "-e" "CARGO_INCREMENTAL=0" "-e" "RUST_BACKTRACE=full" "-e" "RUSTFLAGS=--cap-lints=warn" "-e" "CARGO_HOME=/cargo-home" "-e" "RUSTUP_HOME=/rustup-home" "-m" "1536M" "--network" "none" "crater"`
Dec 03 13:31:58.449 INFO [stdout] d4f4eacf9a01e6c948968356ca479ea07a26199628d5dbd7772fc421e20e4050
Dec 03 13:31:58.450 INFO running `"docker" "start" "-a" "d4f4eacf9a01e6c948968356ca479ea07a26199628d5dbd7772fc421e20e4050"`
Dec 03 13:31:59.683 INFO [stderr] usermod: no changes
Dec 03 13:31:59.771 INFO [stderr]    Compiling durs-wot v0.8.0-a0.9 (/source)
Dec 03 13:32:03.055 INFO [stderr]     Finished dev [unoptimized + debuginfo] target(s) in 3.36s
Dec 03 13:32:03.059 INFO [stderr] su: No module specific data is present
Dec 03 13:32:03.492 INFO running `"docker" "inspect" "d4f4eacf9a01e6c948968356ca479ea07a26199628d5dbd7772fc421e20e4050"`
Dec 03 13:32:03.817 INFO running `"docker" "rm" "-f" "d4f4eacf9a01e6c948968356ca479ea07a26199628d5dbd7772fc421e20e4050"`
Dec 03 13:32:04.202 INFO [stdout] d4f4eacf9a01e6c948968356ca479ea07a26199628d5dbd7772fc421e20e4050
Dec 03 13:32:04.208 INFO running `"docker" "create" "-v" "/mnt/big/crater/work/local/target-dirs/beta-1.31-5/worker-5/master#8940af3cea4a9a9deabcaf843b2f8cad9a83fc61:/target:rw,Z" "-v" "/mnt/big/crater/work/local/test-source/worker-5/beta-1.31-5/master#8940af3cea4a9a9deabcaf843b2f8cad9a83fc61:/source:ro,Z" "-v" "/mnt/big/crater/work/local/cargo-home:/cargo-home:ro,Z" "-v" "/mnt/big/crater/work/local/rustup-home:/rustup-home:ro,Z" "-e" "USER_ID=1000" "-e" "SOURCE_DIR=/source" "-e" "USER_ID=1000" "-e" "CMD=cargo +8940af3cea4a9a9deabcaf843b2f8cad9a83fc61-alt test --frozen --no-run" "-e" "CARGO_TARGET_DIR=/target" "-e" "CARGO_INCREMENTAL=0" "-e" "RUST_BACKTRACE=full" "-e" "RUSTFLAGS=--cap-lints=warn" "-e" "CARGO_HOME=/cargo-home" "-e" "RUSTUP_HOME=/rustup-home" "-m" "1536M" "--network" "none" "crater"`
Dec 03 13:32:04.687 INFO [stdout] 15def859c75ddc5cfcbcf45919a0a9326ed8776415bb666a5312947d4dc0142c
Dec 03 13:32:04.691 INFO running `"docker" "start" "-a" "15def859c75ddc5cfcbcf45919a0a9326ed8776415bb666a5312947d4dc0142c"`
Dec 03 13:32:06.355 INFO [stderr] usermod: no changes
Dec 03 13:32:06.442 INFO [stderr]    Compiling durs-wot v0.8.0-a0.9 (/source)
Dec 03 13:32:11.794 INFO [stderr]     Finished dev [unoptimized + debuginfo] target(s) in 5.42s
Dec 03 13:32:11.798 INFO [stderr] su: No module specific data is present
Dec 03 13:32:12.092 INFO running `"docker" "inspect" "15def859c75ddc5cfcbcf45919a0a9326ed8776415bb666a5312947d4dc0142c"`
Dec 03 13:32:12.208 INFO running `"docker" "rm" "-f" "15def859c75ddc5cfcbcf45919a0a9326ed8776415bb666a5312947d4dc0142c"`
Dec 03 13:32:12.318 INFO [stdout] 15def859c75ddc5cfcbcf45919a0a9326ed8776415bb666a5312947d4dc0142c
Dec 03 13:32:12.319 INFO running `"docker" "create" "-v" "/mnt/big/crater/work/local/target-dirs/beta-1.31-5/worker-5/master#8940af3cea4a9a9deabcaf843b2f8cad9a83fc61:/target:rw,Z" "-v" "/mnt/big/crater/work/local/test-source/worker-5/beta-1.31-5/master#8940af3cea4a9a9deabcaf843b2f8cad9a83fc61:/source:ro,Z" "-v" "/mnt/big/crater/work/local/cargo-home:/cargo-home:ro,Z" "-v" "/mnt/big/crater/work/local/rustup-home:/rustup-home:ro,Z" "-e" "USER_ID=1000" "-e" "SOURCE_DIR=/source" "-e" "USER_ID=1000" "-e" "CMD=cargo +8940af3cea4a9a9deabcaf843b2f8cad9a83fc61-alt test --frozen" "-e" "CARGO_TARGET_DIR=/target" "-e" "CARGO_INCREMENTAL=0" "-e" "RUST_BACKTRACE=full" "-e" "RUSTFLAGS=--cap-lints=warn" "-e" "CARGO_HOME=/cargo-home" "-e" "RUSTUP_HOME=/rustup-home" "-m" "1536M" "--network" "none" "crater"`
Dec 03 13:32:12.605 INFO [stdout] 9689d2dce31bf3d9850404648c2c61d7d5989eaa016c2afee68941e2b0079325
Dec 03 13:32:12.607 INFO running `"docker" "start" "-a" "9689d2dce31bf3d9850404648c2c61d7d5989eaa016c2afee68941e2b0079325"`
Dec 03 13:32:13.384 INFO [stderr] usermod: no changes
Dec 03 13:32:13.450 INFO [stderr]     Finished dev [unoptimized + debuginfo] target(s) in 0.04s
Dec 03 13:32:13.462 INFO [stderr]      Running /target/debug/deps/durs_wot-bc000e2d0dc879e1
Dec 03 13:32:13.468 INFO [stdout] 
Dec 03 13:32:13.468 INFO [stdout] running 1 test
Dec 03 13:32:13.508 INFO [stdout] test data::rusty::tests::wot_tests ... FAILED
Dec 03 13:32:13.508 INFO [stdout] 
Dec 03 13:32:13.508 INFO [stdout] failures:
Dec 03 13:32:13.508 INFO [stdout] 
Dec 03 13:32:13.508 INFO [stdout] ---- data::rusty::tests::wot_tests stdout ----
Dec 03 13:32:13.508 INFO [stdout] thread 'data::rusty::tests::wot_tests' panicked at 'called `Result::unwrap()` on an `Err` value: FailToCreateFile(Os { code: 30, kind: Other, message: "Read-only file system" })', libcore/result.rs:1009:5
Dec 03 13:32:13.508 INFO [stdout] stack backtrace:
Dec 03 13:32:13.508 INFO [stdout]    0:     0x5631faee35cf - std::sys::unix::backtrace::tracing::imp::unwind_backtrace::h3a8b83e1922cbdde
Dec 03 13:32:13.508 INFO [stdout]                                at libstd/sys/unix/backtrace/tracing/gcc_s.rs:49
Dec 03 13:32:13.508 INFO [stdout]    1:     0x5631faeec737 - std::sys_common::backtrace::print::h00d3155a29b4020f
Dec 03 13:32:13.508 INFO [stdout]                                at libstd/sys_common/backtrace.rs:71
Dec 03 13:32:13.508 INFO [stdout]                                at libstd/sys_common/backtrace.rs:59
Dec 03 13:32:13.508 INFO [stdout]    2:     0x5631faee735f - std::panicking::default_hook::{{closure}}::hd7465c742e79e1bb
Dec 03 13:32:13.508 INFO [stdout]                                at libstd/panicking.rs:211
Dec 03 13:32:13.508 INFO [stdout]    3:     0x5631faee705e - std::panicking::default_hook::h9e3966f2aa2a6e12
Dec 03 13:32:13.508 INFO [stdout]                                at libstd/panicking.rs:221
Dec 03 13:32:13.508 INFO [stdout]    4:     0x5631faee7a3e - std::panicking::rust_panic_with_hook::h587f091ae747d080
Dec 03 13:32:13.508 INFO [stdout]                                at libstd/panicking.rs:476
Dec 03 13:32:13.508 INFO [stdout]    5:     0x5631faee75e1 - std::panicking::continue_panic_fmt::hb3a4fdede87f43a8
Dec 03 13:32:13.508 INFO [stdout]                                at libstd/panicking.rs:390
Dec 03 13:32:13.508 INFO [stdout]    6:     0x5631faee74c5 - rust_begin_unwind
Dec 03 13:32:13.508 INFO [stdout]                                at libstd/panicking.rs:325
Dec 03 13:32:13.508 INFO [stdout]    7:     0x5631faf277ac - core::panicking::panic_fmt::h6f9cebf5e7474a0b
Dec 03 13:32:13.508 INFO [stdout]                                at libcore/panicking.rs:77
Dec 03 13:32:13.508 INFO [stdout]    8:     0x5631fadecd9b - core::result::unwrap_failed::h85c2139eb0e3ba82
Dec 03 13:32:13.508 INFO [stdout]                                at libcore/macros.rs:26
Dec 03 13:32:13.508 INFO [stdout]    9:     0x5631fadea555 - <core::result::Result<T, E>>::unwrap::h18ff08f51cc3a3af
Dec 03 13:32:13.508 INFO [stdout]                                at libcore/result.rs:808
Dec 03 13:32:13.508 INFO [stdout]   10:     0x5631fadd7f5b - durs_wot::tests::generic_wot_test::h2ac15744b08c24ab
Dec 03 13:32:13.508 INFO [stdout]                                at /source/lib.rs:491
Dec 03 13:32:13.508 INFO [stdout]   11:     0x5631fae2f0f5 - durs_wot::data::rusty::tests::wot_tests::hdb3fd3217689d593
Dec 03 13:32:13.508 INFO [stdout]                                at data/rusty.rs:228
Dec 03 13:32:13.508 INFO [stdout]   12:     0x5631fae2f0d9 - durs_wot::data::rusty::tests::wot_tests::{{closure}}::h8f821ed1fbad7379
Dec 03 13:32:13.508 INFO [stdout]                                at data/rusty.rs:227
Dec 03 13:32:13.508 INFO [stdout]   13:     0x5631fae28cfd - core::ops::function::FnOnce::call_once::h23caf801c5c1bcd3
Dec 03 13:32:13.508 INFO [stdout]                                at libcore/ops/function.rs:238
Dec 03 13:32:13.508 INFO [stdout]   14:     0x5631fae59bce - <F as alloc::boxed::FnBox<A>>::call_box::hac903f91577a156c
Dec 03 13:32:13.508 INFO [stdout]                                at libtest/lib.rs:1468
Dec 03 13:32:13.508 INFO [stdout]                                at libcore/ops/function.rs:238
Dec 03 13:32:13.508 INFO [stdout]                                at liballoc/boxed.rs:672
Dec 03 13:32:13.508 INFO [stdout]   15:     0x5631faef76e9 - __rust_maybe_catch_panic
Dec 03 13:32:13.508 INFO [stdout]                                at libpanic_unwind/lib.rs:102
Dec 03 13:32:13.508 INFO [stdout]   16:     0x5631fae7b822 - std::sys_common::backtrace::__rust_begin_short_backtrace::hb8f0d0309526c184
Dec 03 13:32:13.508 INFO [stdout]                                at libstd/panicking.rs:289
Dec 03 13:32:13.508 INFO [stdout]                                at libstd/panic.rs:392
Dec 03 13:32:13.508 INFO [stdout]                                at libtest/lib.rs:1423
Dec 03 13:32:13.508 INFO [stdout]                                at libstd/sys_common/backtrace.rs:136
Dec 03 13:32:13.509 INFO [stdout]   17:     0x5631fae7c2d4 - std::panicking::try::do_call::hc2f7c8b9a348d8db
Dec 03 13:32:13.509 INFO [stdout]                                at libstd/thread/mod.rs:409
Dec 03 13:32:13.509 INFO [stdout]                                at libstd/panic.rs:313
Dec 03 13:32:13.509 INFO [stdout]                                at libstd/panicking.rs:310
Dec 03 13:32:13.509 INFO [stdout]   18:     0x5631faef76e9 - __rust_maybe_catch_panic
Dec 03 13:32:13.509 INFO [stdout]                                at libpanic_unwind/lib.rs:102
Dec 03 13:32:13.509 INFO [stdout]   19:     0x5631fae6950c - <F as alloc::boxed::FnBox<A>>::call_box::h6bfded618e480b32
Dec 03 13:32:13.509 INFO [stdout]                                at libstd/panicking.rs:289
Dec 03 13:32:13.509 INFO [stdout]                                at libstd/panic.rs:392
Dec 03 13:32:13.509 INFO [stdout]                                at libstd/thread/mod.rs:408
Dec 03 13:32:13.509 INFO [stdout]                                at liballoc/boxed.rs:672
Dec 03 13:32:13.509 INFO [stdout]   20:     0x5631faee51ed - std::sys_common::thread::start_thread::h4c28257d67cdf9cb
Dec 03 13:32:13.509 INFO [stdout]                                at liballoc/boxed.rs:682
Dec 03 13:32:13.509 INFO [stdout]                                at libstd/sys_common/thread.rs:24
Dec 03 13:32:13.509 INFO [stdout]   21:     0x5631faeda5c5 - std::sys::unix::thread::Thread::new::thread_start::hfecb2e7eff8fd34f
Dec 03 13:32:13.509 INFO [stdout]                                at libstd/sys/unix/thread.rs:90
Dec 03 13:32:13.509 INFO [stdout]   22:     0x7f08bbe506b9 - start_thread
Dec 03 13:32:13.509 INFO [stdout]   23:     0x7f08bb97041c - clone
Dec 03 13:32:13.509 INFO [stdout]   24:                0x0 - <unknown>
Dec 03 13:32:13.509 INFO [stdout] 
Dec 03 13:32:13.509 INFO [stdout] 
Dec 03 13:32:13.509 INFO [stdout] failures:
Dec 03 13:32:13.509 INFO [stdout]     data::rusty::tests::wot_tests
Dec 03 13:32:13.509 INFO [stdout] 
Dec 03 13:32:13.509 INFO [stdout] test result: FAILED. 0 passed; 1 failed; 0 ignored; 0 measured; 0 filtered out
Dec 03 13:32:13.509 INFO [stdout] 
Dec 03 13:32:13.512 INFO [stderr] error: test failed, to rerun pass '--lib'
Dec 03 13:32:13.515 INFO [stderr] su: No module specific data is present
Dec 03 13:32:13.792 INFO running `"docker" "inspect" "9689d2dce31bf3d9850404648c2c61d7d5989eaa016c2afee68941e2b0079325"`
Dec 03 13:32:13.880 INFO running `"docker" "rm" "-f" "9689d2dce31bf3d9850404648c2c61d7d5989eaa016c2afee68941e2b0079325"`
Dec 03 13:32:14.005 INFO [stdout] 9689d2dce31bf3d9850404648c2c61d7d5989eaa016c2afee68941e2b0079325
